tor of v and 3.
3
Let j(w) = 26*w**3 + w**2 + w - 1. Let z be j(1). Let g = -35 - -53. What is the greatest common factor of z and g?
9
Let f be 1/5 + 48/10. Suppose p - 31 = -2*x - 6, x - f*p - 40 = 0. Calculate the highest common divisor of 5 and x.
5
Let p be (0 + 1)*-1 - -83. Suppose 5*j - 72 = -4*u + p, -j - 106 = -3*u. Let v = -8 + 26. Calculate the greatest common divisor of v and u.
18
Let c = -3 + 5. Suppose 0*f = c*f + 2*w - 52, -f + 2*w + 35 = 0. Let a = f - 15. What is the highest common divisor of 2 and a?
2
Let a(o) = -2*o - 10. Let f be a(-8). Let b(d) = 2*d**3 - 7*d**2 - 5*d - 6. Let m be b(f). Let i = 65 - 47. Calculate the highest common factor of i and m.
18
Let v = 7 + -4. Suppose -v*p + 2*o + 30 = 0, p + 5*o - 43 = -16. Calculate the greatest common factor of p and 60.
12
Suppose 0*p - 54 = -2*p. Let b be p + 0 + 0/(-6). What is the greatest common divisor of 18 and b?
9
Let h be 2/(-8) - 18/(-8). Let a be h/2 - (-6 - -3). Let k = -30 - -74. What is the highest common divisor of a and k?
4
Suppose 0*h + 6 = -2*h. Let j = -1 + -6. Let c be h/7 + (-101)/j. What is the highest common divisor of c and 21?
7
Suppose m - 3*m = -10. Suppose m*s = 182 + 258. Calculate the highest common factor of 8 and s.
8
Let r = 51 + -31. Let j be (12/r)/((-1)/(-15)). Suppose -5*z = 4*i - 49, -35 = -4*z + i - 0*i. Calculate the highest common factor of z and j.
9
Suppose -4*d + 14 = -10. Let t = 9 - d. Suppose -t*c - 3*o = 0, 9*c = 4*c + o + 18. Calculate the highest common divisor of c and 12.
3
Let w be 6/(-2)*2/(-6). Let s be 1 + (3 - -3) + w. Let n = s - 5. What is the greatest common factor of 21 and n?
3
Suppose -i + 5 = -21. Let d = i + -18. Suppose -37 = 5*n - 137. Calculate the greatest common factor of n and d.
4
Let x = -13 + 6. Let d(s) = -s**2 - 9*s - 2. Let v be d(x). What is the highest common factor of v and 12?
12
Let j = 4 + -4. Suppose j = w - 1. What is the greatest common divisor of w and 11?
1
Let u be -78*((-2)/(-1) + 21/(-6)). What is the highest common factor of u and 13?
13
Let x(j) = -j**3 + 4*j**2 - 3*j. Let a be x(4). Let c be 21 + 3*(-4)/a. What is the greatest common divisor of c and 66?
22
Suppose 2*f + 4*w - 24 = 0, 2*f - 11 = -3*w + 12. Calculate the highest common factor of f and 90.
10
Suppose -5*g - 3*u + 15 = 0, -g + u - 14 = 5*u. Suppose 3*r = -2*r + 330. Calculate the greatest common divisor of g and r.
6
Let j(m) = m + 13. Let r be j(-10). Suppose v = -0*v + 4*f + 51, -5*f - 125 = -r*v. Calculate the highest common factor of 7 and v.
7
Let z be (30/6)/(1/4). What is the greatest common divisor of 50 and z?
10
Let x = 47 - 26. Suppose 0 = 4*z + 5*i + 749, 13 = 5*i - 2. Let a be 8/(-12) + z/(-3). Calculate the greatest common divisor of x and a.
21
Let l be (0/(-1))/(-1 - -4). Suppose l = -5*x + 58 + 12. Calculate the highest common factor of x and 35.
7
Let d(v) = -13*v**3 + 5*v**2 + 3. Let j be d(-4). Suppose 5*m - 452 = -2*h, -63 = 4*h - 3*m - j. What is the highest common factor of 27 and h?
27
Suppose 3*f = -3*s + 30, -4*f = -4*s + 35 + 21. Let n be (-4)/(((-16)/(-6))/(-4)). What is the greatest common divisor of s and n?
6
Suppose 8*x = 2*x + 378. Calculate the highest common divisor of 9 and x.
9
Suppose f = -2 - 1. Let m = 4 + f. Calculate the greatest common factor of m and 11.
1
Suppose -9 = y - 4, -3*j + 5*y + 76 = 0. Calculate the highest common factor of j and 68.
17
Suppose d = 37 + 3. What is the greatest common divisor of 5 and d?
5
Let c(l) = 2*l**2 - 4*l + 3. Let a be c(2). Suppose -a*o = o - 108. What is the highest common factor of o and 18?
9
Let r = -7 - -1. Let a be (r + 7)/(2/294). What is the highest common divisor of a and 21?
21
Let f(w) = -w + 12. Let t be f(7). Suppose -56 = 3*p - t*p. What is the highest common factor of 7 and p?
7
Suppose -4*s + 9*s - 75 = 0. Let c be 2 + (-1 - -3) + 4. Let w be 63 + (c/(-4) - 1). What is the greatest common divisor of w and s?
15
Let w be (-1)/(4/(-2 + -2)). What is the greatest common divisor of 11 and w?
1
Suppose -5*v + 42 = 5*k - 33, 0 = 4*k - 8. What is the highest common divisor of 143 and v?
13
Let p(x) = 8*x**2 - x - 2. Suppose 4*k - 8 = -0*k. Let r be p(k). What is the highest common factor of 308 and r?
28
Let n(f) be the third derivative of 4*f**5/15 + f**4/12 + f**3/6 - 2*f**2. Let o be n(-1). What is the highest common divisor of o and 10?
5
Let b = 0 - 0. Let w be b/((12/2)/3). Suppose 0 = 3*x - 5*m - 135, 5*m + w*m = -3*x + 105. What is the greatest common divisor of 8 and x?
8
Suppose 5*c - b + 19 + 2 = 0, -5*c - 37 = 3*b. Let r be (c/4)/(1/20). Let z = r + 41. What is the greatest common divisor of 128 and z?
16
Suppose -2 = 5*b - 12. Let s be b*(3 - (6 - -1)). Let m be ((-4)/5)/(s/100). Calculate the greatest common factor of 10 and m.
10
Suppose 2*h = 6 + 20. Suppose -h + 1 = g. Let q = g - -32. What is the highest common factor of 100 and q?
20
Suppose -3*k + 0*k = 2*c - 23, 4*c + 3*k - 49 = 0. Calculate the highest common divisor of c and 39.
13
Suppose -2*z + 0*z = r, -3*z + 2*r = 7. Let d be 61 + z - 2 - -1. Suppose -11 = 2*c - d. Calculate the greatest common divisor of 6 and c.
6
Suppose i - 7 = 28. Suppose g = 3*g - 10. What is the greatest common factor of g and i?
5
Let f be (-8)/(-16) - (-58)/(-4). Let n = -8 - f. Calculate the greatest common divisor of 66 and n.
6
Let t = -40 - -77. Suppose 108*q = 110*q - 296. What is the greatest common factor of t and q?
37
Let j = -195 - -314. What is the greatest common divisor of j and 34?
17
Let u be 36*(1 + (-3 - -3)). Calculate the greatest common factor of 12 and u.
12
Suppose -3*a + 2 - 4 = -l, -38 = -3*l + a. Calculate the greatest common divisor of 70 and l.
14
Suppose -2*a + 2 = -a - 3*o, 0 = 5*a - 5*o - 10. Calculate the highest common divisor of 10 and a.
2
Let v be (-97)/(-5) - ((-27)/(-5) - 5). What is the highest common divisor of 95 and v?
19
Let i(s) = s**3 + 3*s**2 + 3*s + 2. Let k be i(-2). Suppose k = -5*g - 15, -3*t - 6*g + 4*g + 291 = 0. What is the greatest common factor of t and 11?
11
Let t(i) = -3*i**3 - 3*i**2 + 4*i - 4. Let z(q) = q**3 + q**2 - q. Let v(k) = t(k) + 2*z(k). Let l be v(-4). What is the highest common divisor of l and 24?
12
Let j = 228 + 186. What is the greatest common divisor of j and 46?
46
Let h(q) = -q**2 - 10*q. Let f be h(-7). Suppose -1 = -y + a - 0, 0 = y + 3*a - f. Let l be 217/y + 1/(-6). What is the highest common factor of l and 4?
4
Suppose -4*x - 40 = -4*q, 0*x = -2*q + 3*x + 17. Calculate the greatest common factor of q and 221.
13
Let y be 0 + 0 + 6 + -6. Suppose y*p - p = -44. Suppose 3*k - 5*s = 5*k - 17, -3*k + 38 = -5*s. Calculate the greatest common factor of k and p.
11
Suppose 14 + 148 = 3*q. Let n = q - 33. Let v = 6 + -3. Calculate the greatest common divisor of n and v.
3
Let a = 94 - 85. Calculate the highest common factor of a and 108.
9
Suppose 0*s = 5*s + 30. Let k = -4 - s. Let q(v) = 2*v + 2. Let a be q(k). What is the greatest common factor of 24 and a?
6
Suppose 5 - 122 = -v. Calculate the highest common factor of v and 13.
13
Let o(d) = 3*d - 9. Let j(t) = 4*t - 8. Let x(c) = 4*j(c) - 5*o(c). Let g be x(0). Calculate the highest common factor of g and 117.
13
Suppose 2*u - 12 = 5*m, 5*m - 4 = 3*m. Let w(x) = 11*x**2 + 1 - 1. Let y be w(1). What is the highest common factor of u and y?
11
Let d(t) = -t**3 - 9*t**2 - 12*t - 2. Let m be d(-8). What is the highest common divisor of 75 and m?
15
Suppose -2*s + s + 12 = 0. Let h(x) = -x**3 - 2*x**2 + x. Let t be h(-3). Let r = s - t. Calculate the highest common divisor of 2 and r.
2
Let i(p) be the second derivative of -p**5/20 - 3*p**4/4 - 3*p**3/2 - 2*p**2 - 2*p. Let m be i(-9). Calculate the greatest common divisor of m and 7.
7
Let r = -36 - -52. Calculate the highest common divisor of r and 2.
2
Let z(k) = -k**3 - 5*k**2 + 6*k + 4. Let s be z(-6). Suppose 5*g + 137 = 3*n, 0 = 3*n + g + 4*g - 127. Calculate the greatest common factor of s and n.
4
Suppose 0*w = 3*w. Suppose -i = -w*i + v - 9, 3*v = 3*i - 9. Let o be (2/(-6))/(2/(-54)). Calculate the greatest common divisor of o and i.
3
Let v = 20 + 7. Suppose -6*q = -4*q - 36. Calculate the highest common factor of q and v.
9
Suppose 4*v - 2*x = 3*v + 48, -3*x = 5*v - 201. Suppose 0*f = 3*f 